2?
4
Evaluate 26 + -19 - (-3 - -5) - -16.
21
What is 13 + -12 + -15 + -10?
-24
Evaluate -7 + 4 + 3 + 6 - 18.
-12
-8 + 4 - (9 + 1) - (62 + -53)
-23
What is the value of (7 - 15 - 1) + 1?
-8
What is (2 - (3 + -4 - (-9 - -5))) + 4?
3
What is 28 - (21 - (-17 - -17))?
7
What is 13 - (-1 + -13 + 17 + -9)?
19
What is the value of -27 + (33 - 39 - -1)?
-32
What is the value of 4 + (-7 - (8 + -13)) + 5?
7
-33 + 7 + (5 - -12)
-9
What is the value of (-5 - -15 - 20 - -13) + 9?
12
What is 8 + -5 + 10 - (12 + -2)?
3
Calculate 10 - 1 - (103 - 108) - -6.
20
0 + 3 - (0 + 2) - (312 + -312)
1
What is (-14 - (-2 - 3)) + 2 - (-19 + 14)?
-2
-14 + 0 + 10 + 1 - 0
-3
Calculate 2 + 4 + -4 - (41 - 58).
19
1 - 10 - ((-25 - -13) + 5)
-2
What is the value of (29 - 8) + (-9 - 0)?
12
Evaluate 18 - (-19 - (-3 - 15)).
19
What is the value of -3 + -2 - (-4 - -1 - (-62 - -54))?
-10
Evaluate (-1 - 6) + 15 + (-15 - -28) + 0.
21
What is the value of -29 - (-53 + 21 + 9)?
-6
Evaluate 42 - 18 - (-3 + 23).
4
What is -4 + (-14 + 5 - -12) + -6 + 36?
29
-2 + -12 + -1 - -6
-9
What is the value of 3 + (-12 + 6 + 7 - 2)?
2
Calculate (19 - 9 - 7) + 0 + -4 + 6.
5
Calculate 24 - (20 + 12 + -7).
-1
What is (2 - 0) + (10 - (13 + -4 + 31))?
-28
What is (-10 - 18) + (83 - 53)?
2
What is the value of -3 - 7 - (-7 - (-11 + 8))?
-6
Calculate 31 + (-30 - 22) + 4.
-17
Calculate -5 + (4 - -9 - 15).
-7
Evaluate 18 + -19 + -15 + 21.
5
Calculate (-14 - 4) + 0 + (7 - (3 - 2)).
-12
132 + -142 - (-2 + 1 - 6)
-3
Calculate -3 - (11 + 10 + -22 + 10).
-12
(-167 - -180) + (0 - 15)
-2
-70 - (-87 - (43 - 91))
-31
Calculate 23 + (-11 - 6 - -3) - 16.
-7
What is -1 - (-14 + (-12 - -11))?
14
(-14 - -14) + -7 + 11 + -3
1
(-171 - -168) + (0 - 13)
-16
-1 + (-4 - (-7 + 16)) + 27
13
What is 32 - (18 + 2 + (-108 - -89))?
31
Calculate 9 + 6 + -3 + -12 + 0.
0
Calculate 1 - -3 - (11 + (-41 - -19 - -32)).
-17
Evaluate -10 - (-22 - (-6 - -2)).
8
What is 1 - ((-2 - -6) + (1 - -2) + -18)?
12
-20 - (0 + -3 - -3) - (70 + -71)
-19
Calculate (11 - ((14 - 27) + 30)) + (-4 - 1).
-11
-19 + (-2 + -7 - -10) + 4
-14
Calculate -3 + -8 + 5 + (0 - -16).
10
Calculate 33 - (-30 - -30) - 37.
-4
Calculate 6 - ((20 - 25) + (0 - -17)).
-6
What is -11 + -1 + 122 + -118?
-8
What is 21 + (11 - 4) + 3 + -17?
14
Calculate 271 + -269 - (5 - 0).
-3
What is the value of (23 - 22) + (15 - 2)?
14
Calculate 3 + -38 + 2 - -16 - -22.
5
What is (-2 - 0) + 6 - (-6 - (-1 - -1))?
10
Calculate -10 - (4 + 0 + -4 - 29).
19
What is the value of 34 + -16 + 24 + -4?
38
What is the value of -5 + -10 + 16 + (-3 + 7 - 5)?
0
What is the value of -15 + -13 + 24 + 12?
8
-15 - 0 - -23 - (-10 - -4 - -2)
12
Calculate -29 + (6 - -18 - -15).
10
Evaluate 2 + 2 + 14 - 2.
16
(13 - (31 + -9 + -13)) + (5 - -1)
10
What is (-16 + 3 - (3 - (13 + 0))) + -9?
-12
1 + 2 + 46 + -38
11
What is the value of -2 - (-3 + -13) - (-22 + 11 + 9)?
16
What is (-33 - (-1 + -26)) + 14?
8
What is the value of -1 + (12 - (11 + -5)) + -1 + 0?
4
Evaluate (-41 - -14) + (31 - -2) + -1 + -15.
-10
Calculate (-1 - 0) + 3 + 1 + -206 + 196.
-7
What is -7 + (-21 - -12 - -21)?
5
What is -443 - -439 - (-13 - 1)?
10
What is the value of (-4 - -2 - -6) + 1?
5
What is -307 + 311 - (0 + 1 - 10)?
13
What is 45 + -39 - (2 + 2 + 6)?
-4
Evaluate -10 + (-3 - -5) + (4 + -8 - -26).
14
What is the value of 10 + (13 - (12 + 20))?
-9
Calculate 9 + (-37 - -11) - -1.
-16
What is 6 - (2 - 1 - (14 - (-6 + -7)))?
32
What is 23 - 7 - (5 - -2)?
9
Calculate 7 - (-6 + -1 + (21 - 9)).
2
What is 3 - (16 - ((2 - -13) + 3))?
5
-21 - -26 - (-2 + 2 - (-1 + -3))
1
-18 + 0 + 2 - (16 - 11 - 8)
-13
Calculate (6 - 8 - (5 - 10)) + -36 + 17.
-16
-4 - -4 - (-10 - -3 - -1)
6
(5 - 5 - (1 + 1)) + 3 + -2
-1
11 + (-13 - -13) - 11
0
Evaluate 5 - (-3 + 11 + 0 + -1).
-2
What is -3 - (48 - ((-6 - 11) + 29))?
-39
What is the value of (2 - (8 + 2)) + (-1 + 23 - -2)?
16
Evaluate 6 + (-3 - 17) + -58 + 62.
-10
Evaluate 3 + (14 - (39 + 2)) - -3.
-21
What is (1 - 13) + (90 - 89)?
-11
Calculate 31 + 5 + -28 + 15.
23
What is (-44 - -39) + 10 + -1?
4
What is the value of 12 + 0 + 6 + 11 + -8?
21
Calculate (0 - 12) + (-50 - (-78 - -7)).
9
Evaluate -22 - (-23 + 1) - (1 + 0).
-1
What is -5 + 4 - (-7 + 9 + 10)?
-13
-28 + 2 + (2 - 2) - (-451 - -447)
-22
What is the value of (-3 - -8) + 267 + -305?
-33
What is (227 - 229 - (-1 + (-1 - -9))) + 0?
-9
Evaluate 24 - (14 - (31 - 15)).
26
What is the value of 0 - 1 - (-1 - (-13 - -3))?
-10
What is the value of (11 - 4) + 21 - 19?
9
What is the value of (-6 + 22 - (11 - -1)) + -12?
-8
Calculate -18 + 6 - -3 - -5.
-4
Evaluate (13 + 5 - 21) + 6 + (-5 - 1).
-3
What is the value of -52 + 59 + (12 - 6)?
13
-12 - (15 + -31) - 20
-16
What is 14 - ((-15 + 12 - (-1 - -1)) + 0)?
17
What is the value of (-40 - -22) + 15 + -2 + 15 + -5?
5
-5 + -18 + 4 + 15 + (2 - -5)
3
Calculate 16 + -36 + 7 + 22.
9
What is -11 - (-14 - (-35 - -18))?
-14
What is the value of 30 + 28 + -25 + (0 - 9)?
24
What is the value of (-1 + 23 - 7) + -12?
3
What is -17 - 83 - -95 - (0 + 7 + -1)?
-11
Evaluate (-11 - (-8 - 3)) + -14.
-14
-6 + (6 - (0 - 0)) + -13 - -1
-12
Calculate 1 + (-2 - -7) + -6 + 4.
4
What is 27 + (3 - (0 + -9 - (75 + -86)))?
28
What is the value of -4 - (12 + (-30 - -15))?
-1
Calculate -3 - (-6 - -13 - (7 - 2)) - -3.
-2
What is -6 + 8 - (26 + -4 + -1 + -1)?
-18
What is the value of 6 + -7 + 1 + 10 + -32?
-22
Evaluate -3 + -6 + 18 + -13 + (3 - -5).
4
Calculate 29 - 4 - (-98 - -147).
-24
What is 19 + -22 + 3 + 10 + -6?
4
What is (24 - 35) + 26 + 4 - 1?
18
Calculate 2 + 2 + 0 + (-15 - -23).
12
Calculate -6 + (-12 + -1 - (-21 + (34 - 16))).
-16
Calculate 8 - ((40 - 19) + -18).
5
What is the value of 14 + (2 - (-6 + 15))?
7
What is -22 - (-15 + 0 + 17)?
-24
What is the value of 12 + (1 - (9 + 6))?
-2
Calculate (1 + 9 - 3) + -6 + -5 + 1.
-3
What is the value of 9 + 26 + (-16 - 6)?
13
What is the value of -13 - (21 - (-3 + 12))?
-25
264 + -246 - (1 - 1)
18
23 + -10 + 29 - (7 + 12)
23
-5 + -3 + -5 + 16 + (-12 - -1)
-8
What is the value of 9 + -6 + -9 + 16 + 0?
10
What is the value of -6 + -27 + 21 + -27 + 7?
-32
-1 - 8 - (428 - 453)
16
Calculate 8 - (2 - 6) - (3 - -7).
2
What is (1 - -3) + 0 + 5 + 5 + -5?
9
What is the value of 23 + 3 - (28 + -14)?
12
What is the value of -9 + 20 - (-1 + 2 - -1) - 5?
4
What is (-17 - (-17 - -14) - -9) + 17?
12
What is the value of -12 + 13 + (-1 + 1 - -8)?
9
(-19 - (-14 - (-6 + 21))) + 1 + -1
10
Calculate (1 + 35 - 24) + -25.
-13
Calculate (-66 + 63 - 24) + (8 - 2).
-21
Calculate -7 - (3 - 10) - 13.
-13
(-5 - -15) + (-8 - -14) + -2 + -2
12
-15 - -3 - (41 + -42)
-11
What is (-16 - -5 - 9) + 11?
-9
22 - (7 + -1 - -5)
11
-39 - -42 - (0 + -15)
18
What is 17 + (-1 - 3 - (16 - 1 - 14))?
12
(-1 - (-5 - 8)) + (-27 - 2) + 2
-15
Calculate -87 + 68 + (-1 - 1) - (1 - 5).
-17
Calculate -13 - (-16 + (13 - 11 - -12)).
-11
Evaluate 67 - (28 - -10) - (2 + 6).
21
What is the value of -18 + 7 + 4 + -10 + -4?
-21
Evaluate 5 + (21 + -4 - 8).
14
Calculate (0 - ((-4 - (2 - 1)) + 6)) + -6.
-7
29 + -32 + 0 + -22
-25
What is -10 + 0 + -3 - 1?
-14
Calculate 11 - (335 - 344 - (0 + -10)).
10
What is the value of 6 + -12 + (3 - (3 + -2 - 1))?
-3
Calculate 11 + (-4 - -1) + 3 + -3.
8
-4 + 7 + (-3 + -4 - -5)
1
Calculate -20 - (-26 + (18 - -3)).
-15
(1 - (6 + -7)) + (4 - (2 + 7))
-3
Calculate 89 + -86 + 3 + -1 + 3 + -12.
-4
What is -15 + 8 - -5 - -6 - 2?
2
Evaluate -10 + (2 - ((8 - 11) + 2)) + 28.
21
(-8 - 0) + 28 + -9 + 1
12
What is -17 - (-18 + 25 - 21)?
-3
What is the value of 16 - (-21 + 18 - (-5 - 4))?
10
What is the value of (-119 - -142 - (0 + 11)) + -20?
-8
Calculate -3 + (-4 - -3) + (-2 - -1).
-5
-6 + 20 - 15 - 0
-1
What is 45 - (58 - (80 + -35))?
32
Evaluate 5 + 31 + (9 - 41).
4
What is the value of (-15 - (-14 + 8)) + (-5 - -11)?
-3
Evaluate -7 - ((186 - 175) + (-31 - -1)).
12
Calculate -31 + 20 + 9 + -13 - 1.
-16
What is the value of 6 + -3 + -1 + -2 - 6?
-6
65 + -60 + (-13 + 4 - 2) + 3
-3
-2 + 3 - 16 - (-5 + 10 - 4)
-16
-24 + 6 + (13 - 6)
-11
Calculate 33 + -13 - 5 - 3.
12
What is the value of 4 - (17 - (10 + -8 - -3))?
-8
Evaluate 18 + 9 + -21 + 2 + 1.
9
What is the value of (-1 + 1 - (76 - 71)) + -12?
-17
Calculate 0 + 6 - (-7 + (7 - 2) - 4).
12
What is the value of 126 + -173 - (-30 - -3)?
-20
Calculate 7 + (10 + -4 - 7) + -3.
3
-12 - (-11 + -40 